undreds digit of 5343?
3
What is the tens digit of 1687?
8
What is the units digit of 891?
1
What is the thousands digit of 59909?
9
What is the tens digit of 11122?
2
What is the tens digit of 11446?
4
What is the thousands digit of 5466?
5
What is the hundreds digit of 32210?
2
What is the units digit of 565?
5
What is the units digit of 5329?
9
What is the hundreds digit of 44908?
9
What is the tens digit of 1411?
1
What is the units digit of 732?
2
What is the hundreds digit of 7438?
4
What is the tens digit of 139?
3
What is the thousands digit of 5048?
5
What is the hundreds digit of 35260?
2
What is the units digit of 806?
6
What is the tens digit of 46089?
8
What is the ten thousands digit of 29039?
2
What is the thousands digit of 115896?
5
What is the units digit of 1764?
4
What is the hundreds digit of 2453?
4
What is the tens digit of 7373?
7
What is the units digit of 6911?
1
What is the thousands digit of 1147?
1
What is the ten thousands digit of 102096?
0
What is the units digit of 6678?
8
What is the hundreds digit of 69847?
8
What is the tens digit of 1860?
6
What is the thousands digit of 6650?
6
What is the ten thousands digit of 30654?
3
What is the tens digit of 867?
6
What is the ten thousands digit of 28974?
2
What is the units digit of 345?
5
What is the ten thousands digit of 12783?
1
What is the hundreds digit of 754?
7
What is the thousands digit of 1427?
1
What is the hundreds digit of 749?
7
What is the thousands digit of 55619?
5
What is the tens digit of 135354?
5
What is the units digit of 87642?
2
What is the ten thousands digit of 38092?
3
What is the tens digit of 43968?
6
What is the thousands digit of 95094?
5
What is the thousands digit of 3791?
3
What is the units digit of 76113?
3
What is the units digit of 26?
6
What is the ten thousands digit of 11183?
1
What is the ten thousands digit of 22068?
2
What is the units digit of 2713?
3
What is the tens digit of 7353?
5
What is the tens digit of 3342?
4
What is the hundreds digit of 32469?
4
What is the hundreds digit of 1523?
5
What is the hundreds digit of 6202?
2
What is the units digit of 58161?
1
What is the hundreds digit of 2534?
5
What is the units digit of 824?
4
What is the units digit of 53070?
0
What is the hundreds digit of 18058?
0
What is the tens digit of 720?
2
What is the thousands digit of 3916?
3
What is the hundreds digit of 4715?
7
What is the hundreds digit of 315?
3
What is the hundreds digit of 117493?
4
What is the tens digit of 1516?
1
What is the ten thousands digit of 53133?
5
What is the thousands digit of 1562?
1
What is the hundreds digit of 8728?
7
What is the ten thousands digit of 19216?
1
What is the hundreds digit of 25210?
2
What is the thousands digit of 6130?
6
What is the thousands digit of 14108?
4
What is the thousands digit of 42557?
2
What is the thousands digit of 3786?
3
What is the hundreds digit of 672?
6
What is the tens digit of 3384?
8
What is the units digit of 132649?
9
What is the ten thousands digit of 23310?
2
What is the hundreds digit of 60422?
4
What is the tens digit of 353?
5
What is the units digit of 4645?
5
What is the thousands digit of 2507?
2
What is the hundreds digit of 1367?
3
What is the units digit of 3597?
7
What is the hundreds digit of 54024?
0
What is the units digit of 2069?
9
What is the tens digit of 30993?
9
What is the hundreds digit of 8015?
0
What is the units digit of 19596?
6
What is the units digit of 1273?
3
What is the tens digit of 249?
4
What is the thousands digit of 78830?
8
What is the tens digit of 937?
3
What is the hundreds digit of 2480?
4
What is the tens digit of 2702?
0
What is the hundreds digit of 65682?
6
What is the tens digit of 164?
6
What is the ten thousands digit of 20764?
2
What is the tens digit of 46?
4
What is the thousands digit of 7523?
7
What is the ten thousands digit of 14145?
1
What is the units digit of 29899?
9
What is the units digit of 72?
2
What is the ten thousands digit of 95511?
9
What is the thousands digit of 1552?
1
What is the units digit of 1131?
1
What is the units digit of 3340?
0
What is the ten thousands digit of 11234?
1
What is the units digit of 17357?
7
What is the hundreds digit of 4775?
7
What is the units digit of 1162?
2
What is the hundreds digit of 510?
5
What is the hundreds digit of 4610?
6
What is the thousands digit of 35097?
5
What is the units digit of 8522?
2
What is the thousands digit of 11387?
1
What is the ten thousands digit of 198095?
9
What is the units digit of 6282?
2
What is the units digit of 3482?
2
What is the hundreds digit of 711?
7
What is the units digit of 33157?
7
What is the hundreds digit of 420?
4
What is the hundreds digit of 3342?
3
What is the tens digit of 2668?
6
What is the hundreds digit of 1010?
0
What is the hundreds digit of 3331?
3
What is the tens digit of 196?
9
What is the ten thousands digit of 21729?
2
What is the hundreds digit of 2048?
0
What is the tens digit of 659?
5
What is the hundreds digit of 351?
3
What is the hundreds digit of 7598?
5
What is the tens digit of 2346?
4
What is the thousands digit of 6427?
6
What is the ten thousands digit of 62369?
6
What is the units digit of 277?
7
What is the hundreds digit of 3214?
2
What is the hundreds digit of 1509?
5
What is the hundreds digit of 5131?
1
What is the ten thousands digit of 76632?
7
What is the units digit of 3633?
3
What is the tens digit of 6781?
8
What is the units digit of 531?
1
What is the units digit of 6481?
1
What is the thousands digit of 17337?
7
What is the tens digit of 26?
2
What is the thousands digit of 1257?
1
What is the thousands digit of 1565?
1
What is the thousands digit of 1314?
1
What is the hundreds digit of 3389?
3
What is the hundreds digit of 6633?
6
What is the hundreds digit of 1036?
0
What is the hundreds digit of 171?
1
What is the tens digit of 630?
3
What is the units digit of 940?
0
What is the tens digit of 4906?
0
What is the units digit of 9255?
5
What is the hundreds digit of 6417?
4
What is the units digit of 3088?
8
What is the hundreds digit of 650?
6
What is the units digit of 3777?
7
What is the tens digit of 849?
4
What is the thousands digit of 124397?
4
What is the ten thousands digit of 108427?
0
What is the thousands digit of 1577?
1
What is the units digit of 1304?
4
What is the units digit of 12907?
7
What is the tens digit of 320?
2
What is the hundreds digit of 13740?
7
What is the tens digit of 529?
2
What is the hundreds digit of 25738?
7
What is the hundreds digit of 1172?
1
What is the thousands digit of 9134?
9
What is the hundreds digit of 221?
2
What is the tens digit of 7589?
8
What is the units digit of 8231?
1
What is the hundreds digit of 492?
4
What is the units digit of 67?
7
What is the tens digit of 2803?
0
What is the thousands digit of 3376?
3
What is the hundreds digit of 1527?
5
What is the units digit of 133793?
3
What is the hundreds digit of 292?
2
What is the tens digit of 104?
0
What is the units digit of 35273?
3
What is the tens digit of 21982?
8
What is the tens digit of 21884?
8
What is the units digit of 1211?
1
What is the thousands digit of 75053?
5
What is the units digit of 10648?
8
What is the thousands digit of 6469?
6
What is the hundreds digit of 17426?
4
What is the thousands digit of 9978?
9
What is the thousands digit of 82922?
2
What is the hundreds digit of 8903?
9
What is the units digit of 70987?
7
What is the hundreds digit of 1703?
7
What is the tens digit of 971?
7
What is the tens digit of 395?
9
What is the thousands digit of 1845?
1
What is the hundreds digit of 9794?
7
What is the tens digit of 31126?
2
What is the hundreds digit of 763?
7
What is the units digit of 300?
0
What is the hundred thousands digit of 134597?
1
What is the thousands digit of 12497?
2
What is the hundreds digit of 14272?
2
What is the ten thousands digit of 17230?
1
What is the units digit of 5595?
5
What is the hundreds digit of 20170?
1
What is the hundreds digit of 18239?
2
What is the thousands digit of 4794?
4
What is the hundreds digit of 936?
9
What is the hundreds digit of 2311?
3
What is the ten thousands digit of 65591?
6
What is the thousands digit of 3484?
3
What is the units digit of 30948?
8
What is the un